{"id":14,"date":"2019-09-15T09:58:38","date_gmt":"2019-09-15T07:58:38","guid":{"rendered":"http:\/\/h2846401.stratoserver.net\/wordpress\/agb\/"},"modified":"2023-03-19T11:50:11","modified_gmt":"2023-03-19T10:50:11","slug":"agb","status":"publish","type":"page","link":"https:\/\/www.cycle-in-motion.de\/?page_id=14","title":{"rendered":"AGB"},"content":{"rendered":"\n<div class=\"grid_12 col-main\">\n<div class=\"std\">\n<h3><span style=\"font-size: 90%;\">Allgemeine Gesch\u00e4ftsbedingungen<\/span><\/h3>\n<p><span style=\"font-size: 90%;\"><strong>1. Geltungsbereich<\/strong><\/span><br \/><span style=\"font-size: 90%;\">F\u00fcr die Gesch\u00e4ftsbeziehung zwischen Cycle-in-Motion &#8211; Inh. Johannes Paiska &#8211; (nachfolgend Cycle-in-Motion genannt) und dem Besteller gelten ausschlie\u00dflich die nachfolgenden Allgemeinen Gesch\u00e4ftsbedingungen in ihrer zum Zeitpunkt der Bestellung g\u00fcltigen Fassung. Abweichende Bedingungen des Bestellers erkennt Cycle-in-Motion nicht an, es sei denn, Cycle-in-Motion h\u00e4tte ausdr\u00fccklich schriftlich ihrer Geltung zugestimmt. Die Vertragssprache ist Deutsch.<\/span><\/p>\n<p><span style=\"font-size: 90%;\"><strong>2. Vertragsschluss<\/strong><\/span><br \/><span style=\"font-size: 90%;\">Ihre Bestellung stellt ein Angebot an uns zum Abschluss eines Kaufvertrages dar. Wenn Sie eine Bestellung bei Cycle-in-Motion aufgeben, schicken wir Ihnen eine E-Mail, die den Eingang Ihrer Bestellung bei uns best\u00e4tigt und deren Einzelheiten auff\u00fchrt (Bestellbest\u00e4tigung). Diese Bestellbest\u00e4tigung stellt keine Annahme Ihres Angebotes dar, sondern soll Sie nur dar\u00fcber informieren, dass Ihre Bestellung bei uns eingegangen ist. Ein Kaufvertrag kommt erst dann zustande, wenn wir das bestellte Produkt an Sie versenden und den Versand an Sie mit einer zweiten E-Mail (Versandbest\u00e4tigung) best\u00e4tigen. \u00dcber Produkte aus ein und derselben Bestellung, die nicht in der Versandbest\u00e4tigung aufgef\u00fchrt sind, kommt kein Kaufvertrag zustande. Vertragspartner ist Cycle-in-Motion.<\/span><\/p>\n<p><span style=\"font-size: 90%;\"><strong>3. Widerrufsrecht \/Widerrufsbelehrung<\/strong><\/span><br \/><span style=\"font-size: 90%;\">Widerrufsrecht<\/span><br \/><span style=\"font-size: 90%;\">Sie haben das Recht, binnen vierzehn Tagen ohne Angabe von Gr\u00fcnden diesen Vertrag zu widerrufen.<\/span><\/p>\n<p><span style=\"font-size: 90%;\">Die Widerrufsfrist betr\u00e4gt vierzehn Tage ab dem Tag an dem Sie oder ein von Ihnen benannter Dritter, der nicht der Bef\u00f6rderer ist, die Waren in Besitz genommen haben bzw. hat.<\/span><\/p>\n<p><span style=\"font-size: 90%;\">Um Ihr Widerrufsrecht auszu\u00fcben, m\u00fcssen Sie uns<\/span><\/p>\n<p><span style=\"font-size: 90%;\">Cycle-in-Motion<\/span><br \/><span style=\"font-size: 90%;\">Inh. Johannes Paiska<\/span><br \/><span style=\"font-size: 90%;\">Dornauer Ring 20<\/span><br \/><span style=\"font-size: 90%;\">63834 Sulzbach a. Main<\/span><br \/><span style=\"font-size: 90%;\">1level-support@cycle-in-motion.de<\/span><\/p>\n<p><span style=\"font-size: 90%;\">mittels einer eindeutigen Erkl\u00e4rung (z. B. ein mit der Post versandter Brief oder E-Mail) \u00fcber Ihren Entschluss, diesen Vertrag zu widerrufen, informieren. Sie k\u00f6nnen daf\u00fcr das Muster-Widerrufsformular verwenden, das jedoch nicht vorgeschrieben ist.<\/span><\/p>\n<p><span style=\"font-size: 90%;\">Zur Wahrung der Widerrufsfrist reicht es aus, dass Sie die Mitteilung \u00fcber die Aus\u00fcbung des Widerrufsrechts vor Ablauf der Widerrufsfrist absenden.<\/span><\/p>\n<p><span style=\"font-size: 90%;\">Folgen des Widerrufs:<\/span><br \/><span style=\"font-size: 90%;\">Wenn Sie diesen Vertrag widerrufen, haben wir Ihnen alle Zahlungen, die wir von Ihnen erhalten haben, einschlie\u00dflich der Lieferkosten (mit Ausnahme der zus\u00e4tzlichen Kosten, die sich daraus ergeben, dass Sie eine andere Art der Lieferung als die von uns angebotene, g\u00fcnstigste Standardlieferung gew\u00e4hlt haben), unverz\u00fcglich und sp\u00e4testens binnen vierzehn Tagen ab dem Tag zur\u00fcckzuzahlen, an dem die Mitteilung \u00fcber Ihren Widerruf dieses Vertrags bei uns eingegangen ist. F\u00fcr diese R\u00fcckzahlung verwenden wir dasselbe Zahlungsmittel, das Sie bei der urspr\u00fcnglichen Transaktion eingesetzt haben, es sei denn, mit Ihnen wurde ausdr\u00fccklich etwas anderes vereinbart; in keinem Fall werden Ihnen wegen dieser R\u00fcckzahlung Entgelte berechnet. Wir k\u00f6nnen die R\u00fcckzahlung verweigern, bis wir die Waren wieder zur\u00fcckerhalten haben oder bis Sie den Nachweis erbracht haben, dass Sie die Waren zur\u00fcckgesandt haben, je nachdem, welches der fr\u00fchere Zeitpunkt ist.<\/span><\/p>\n<p><span style=\"font-size: 90%;\">Sie haben die Waren unverz\u00fcglich und in jedem Fall sp\u00e4testens binnen vierzehn Tagen ab dem Tag, an dem Sie mich \u00fcber den Widerruf dieses Vertrags unterrichten, an mich zur\u00fcckzusenden oder zu \u00fcbergeben. Die Frist ist gewahrt, wenn Sie die Waren vor Ablauf der Frist von vierzehn Tagen absenden. Sie tragen die unmittelbaren Kosten der R\u00fccksendung der Waren.<\/span><\/p>\n<p><span style=\"font-size: 90%;\">Sie m\u00fcssen f\u00fcr einen etwaigen Wertverlust der Waren nur aufkommen, wenn dieser Wertverlust auf einen zur Pr\u00fcfung der Beschaffenheit, Eigenschaften und Funktionsweise der Waren nicht notwendigen Umgang mit ihnen zur\u00fcckzuf\u00fchren ist.<\/span><\/p>\n<p><span style=\"font-size: 90%;\">Ende der gesetzlichen Widerrufsbelehrung<\/span><\/p>\n<p><span style=\"font-size: 90%;\">Hinweis auf Nichtbestehen des Widerrufsrechts<\/span><br \/><span style=\"font-size: 90%;\">Das Widerrufsrecht besteht nicht bei Fernabsatzvertr\u00e4gen zur Lieferung von Waren, die nicht vorgefertigt sind und f\u00fcr deren Herstellung eine individuelle Auswahl oder Bestimmung durch den Verbraucher ma\u00dfgeblich ist oder die eindeutig auf die pers\u00f6nlichen Bed\u00fcrfnisse des Verbrauchers zugeschnitten sind, sowie zur Lieferung von Ton- oder Videoaufnahmen oder Computersoftware in einer versiegelten Packung, wenn die Versiegelung nach der Lieferung entfernt wurde.<\/span><\/p>\n<p><span style=\"font-size: 90%;\"><strong>4. Lieferung<\/strong><\/span><br \/><span style=\"font-size: 90%;\">Sofern nicht anders vereinbart, werden alle Artikel umgehend an die vom Besteller angegebene Lieferadresse ausgeliefert. Sofern Cycle-in-Motion w\u00e4hrend der Bearbeitung Ihrer Bestellung feststellt, dass von Ihnen bestellte Produkte nicht verf\u00fcgbar sind, werden Sie dar\u00fcber gesondert per E-mail informiert.<\/span><\/p>\n<p><span style=\"font-size: 90%;\">Sollte die Zustellung der Ware trotz dreimaligem Auslieferversuchs scheitern, k\u00f6nnen wir vom Vertrag zur\u00fccktreten. Ggf. geleistete Zahlungen werden Ihnen unverz\u00fcglich erstattet.<\/span><\/p>\n<p><span style=\"font-size: 90%;\">Bei Lieferungsverz\u00f6gerungen, wie beispielsweise durch h\u00f6here Gewalt, Verkehrsst\u00f6rungen und Verf\u00fcgungen von hoher Hand, sowie sonstige von uns nicht zu vertretende Ereignisse, kann kein Schadensersatzanspruch gegen uns erhoben werden.<\/span><\/p>\n<p><span style=\"font-size: 90%;\"><strong>5. Verpackungs- und Versandkosten<\/strong><\/span><br \/><span style=\"font-size: 90%;\">Wir berechnen innerhalb Deutschlands pauschale Versandkosten bei einem Warenwert von unter 50,00 Euro von 3,00 Euro. \u00dcber 50,00 Euro Warenwert werden keine Verpackungs- und Versandkosten berechnet.<\/span><\/p>\n<p><span style=\"font-size: 90%;\">Bei einem Versand innerhalb der EU erfolgt die Berechnung der Versandkosten bei einem Warenwert bis unter 100,00 Euro mit 8,00 Euro. Ab 100,00 Euro Warenwert werden keine Verpackungs- und Versandkosten berechnet.<br \/><br \/>Die Auslieferung physischer Datentr\u00e4ger (DVD, Bluray, USB-Stick) erfolgt aufgrund der noch nicht erfolgten EU-Harmonisierung in Bezug auf Verpackungen und Verpackungsabf\u00e4lle nur noch an ausgew\u00e4hlte L\u00e4nder. Die L\u00e4nderliste wird \u00fcber unseren Server st\u00e4ndig aktuell gepflegt. Es erscheint ein entsprechender Hinweis im Bestellprozess, wenn in<span class=\"fancy-underline\"> ein Land <strong>keine<\/strong> physische Auslieferung erfolgen kann<\/span>.<br \/><\/span><\/p>\n<p><span style=\"font-size: 90%;\">Kein Versand physischer Datentr\u00e4ger au\u00dferhalb der EU.<\/span><\/p>\n<p><span style=\"font-size: 90%;\"><strong>6. Zahlung<\/strong><\/span><br \/><span style=\"font-size: 90%;\">Alle angegebenen Warenpreise im Online-Shop sind Endpreise zzgl. ggf. Versandkosten und enthalten die gesetzliche Mehrwertsteuer.<\/span><\/p>\n<p><span style=\"font-size: 90%;\">Folgende Zahlweisen sind m\u00f6glich:<\/span><br \/><span style=\"font-size: 90%;\">Per Vorkasse (Der Kunde ist verpflichtet, den Kaufpreis nach Eingang der Bestellbest\u00e4tigung unverz\u00fcglich per \u00dcberweisung auf unser Konto zu zahlen). Etwaige Zahlungsentgelte tr\u00e4gt der K\u00e4ufer. <\/span><br \/><span style=\"font-size: 90%;\">Per PayPal (Der Kunde ist verpflichtet, den Kaufpreis nach Eingang der Bestellbest\u00e4tigung unverz\u00fcglich per PayPal auf unser PayPal Konto zu zahlen). F\u00fcr PayPal-Zahlungen erheben wir keinen Aufschlag.<\/span><\/p>\n<p><span style=\"font-size: 90%;\">Sie erhalten mit der Bestellbest\u00e4tigung die genauen Zahlungsinformationen. Bitte geben Sie bei Ihrer \u00dcberweisung als Verwendungszweck die\u00a0Auftragsnummer an.<\/span><\/p>\n<p><span style=\"font-size: 90%;\">Mit dem Ausl\u00f6sen der finalen Bestellung geht Ihnen die Rechnung mit ausgewiesener Mehrwertsteuer im PDF-Format zu.<\/span><\/p>\n<p><span style=\"font-size: 90%;\">Bei Lieferungen ins Nicht-EU-Ausland (incl. Schweiz, Lichtenstein und Norwegen) erstatten wir die deutsche Mehrwertsteuer nach Zusendung des Einfuhrnachweises der lokalen Zollbeh\u00f6rde (nicht bei Download-Artikeln). F\u00fcr die Bearbeitung der Mehrwertsteuererstattung m\u00fcssen wir wegen dem erh\u00f6hten Zeit- und Arbeitsaufwand eine Service-Geb\u00fchr von 10,00 Euro in Anrechnung bringen.<\/span><\/p>\n<p><span style=\"font-size: 90%;\"><strong>7. Eigentumsvorbehalt<\/strong><\/span><br \/><span style=\"font-size: 90%;\">Die gelieferte Ware bleibt bis zur vollst\u00e4ndigen Bezahlung im Eigentum von Cycle-in-Motion.<\/span><\/p>\n<p><span style=\"font-size: 90%;\"><strong>8. Nutzungs- und Urheberrechte<\/strong><\/span><br \/><span style=\"font-size: 90%;\">Die Software wird Ihnen &#8222;wie gesehen&#8220; geliefert, ohne jegliche Garantie oder Gew\u00e4hrleistung. Wir haften in keinem Fall f\u00fcr direkte oder indirekte Sch\u00e4den, die aus der Verwendung unserer Software resultieren.<\/span><\/p>\n<p><span style=\"font-size: 90%;\">Alle Daten auf unseren Datentr\u00e4gern (DVD) unterliegen dem Urheberrecht. Die Daten d\u00fcrfen nur f\u00fcr den pers\u00f6nlichen Gebrauch kopiert, gesichert und verwendet werden. Jegliche kommerzielle Nutzung (Ausnahme: Studio-Lizenz sowie Event-Lizenz im Rahmen der erweiterten Nutzungsrechte) oder Vervielf\u00e4ltigung oder \u00c4nderung der Daten aus anderem Zwecke ist untersagt. Die Vermietung und Ausstrahlung per Internet oder TV auch in Teilen bedarf der schriftlichen Zustimmung durch uns. Die \u00f6ffentliche Vorf\u00fchrung ist nur mit Erwerb der Studio-Lizenz oder Event-Lizenz, in den Grenzen der jeweiligen erweiterten Nutzungsrechten je nach Lizenzmodell, erlaubt. Nicht erlaubt ist das Verf\u00fcgbarmachen der Daten \u00fcber das Internet (Upload) und andere elektronische Netzwerke (Filesharing) sowie die Bearbeitung, \u00dcbertragung und Speicherung \u00fcber den vorg\u00e4ngig genannten Punkt hinaus.<\/span><\/p>\n<p><span style=\"font-size: 90%;\">Der Kunde verpflichtet sich, die gesetzlichen Bestimmungen zum Urheberrecht jederzeit einzuhalten. Bei Zuwiderhandlung leiten wir rechtliche Schritte auf Grundlage des \u00a797 UrhG auf Unterlassung und Schadenersatz ein.<\/span><\/p>\n<p><span style=\"font-size: 90%;\">Erweiterte Nutzungsrechte unserer RLV Studio Filme:<\/span><\/p>\n<p><span style=\"font-size: 90%;\"><strong>TV-Version (nur als Blu-ray Disc erh\u00e4ltlich)<br \/><\/strong>Nutzung zur privaten Verwendung &#8211; jegliche kommerzielle Nutzung ist untersagt &#8211; ohne Laufzeitbeschr\u00e4nkung.<strong><br \/><\/strong><\/span><\/p>\n<p><span style=\"font-size: 90%;\"><strong>Event- bzw. Messefilm (Datenabsprache kann individuell vereinbart werden)<\/strong><\/span><br \/><span style=\"font-size: 90%;\">Beinhaltet zus\u00e4tzlich die kommerzielle Nutzung im Sinne einer \u00f6ffentlichen Vorf\u00fchrung: in R\u00e4umlichkeiten z.B. eines Fitnessstudios, Trainingsanlage oder einem Trainingszweck dienende \u00d6rtlichkeit sowie Vorf\u00fchrung auf Messen, Sport-Events oder anderen Veranstaltungen ohne Laufzeitbeschr\u00e4nkung. Nicht erlaubt ist die zur Verf\u00fcgungstellung in Download-Portalen oder Trainingsportalen mit \u00e4hnlichem Charakter.<br \/><\/span><\/p>\n<p><span style=\"font-size: 90%;\"><strong>9. Gew\u00e4hrleistung<\/strong><\/span><br \/><span style=\"font-size: 90%;\">Bei allen Waren aus unserem Shop bestehen gesetzliche Gew\u00e4hrleistungsrechte.<\/span><\/p>\n<p><span style=\"font-size: 90%;\">Cycle-in-Motion gew\u00e4hrleistet nicht, dass die bereitgestellten Daten mit dem jeweiligen Computersystem bzw. Software des Kunden fehlerfrei ausgelesen werden k\u00f6nnen. Ebenso kann Cycle-in-Motion nicht die tats\u00e4chliche \u00dcbertragbarkeit der Datei auf andere Datentr\u00e4ger und Abspielger\u00e4te des Kunden gew\u00e4hrleisten.<\/span><\/p>\n<p><span style=\"font-size: 90%;\"><strong>10. M\u00e4ngelhaftung<\/strong><\/span><br \/><span style=\"font-size: 90%;\">Liegt ein Mangel der Kaufsache vor, gelten die gesetzlichen Vorschriften. Die Abtretung dieser Anspr\u00fcche des Bestellers ist ausgeschlossen.<\/span><\/p>\n<p><span style=\"font-size: 90%;\">Ist die Nacherf\u00fcllung im Wege der Ersatzlieferung erfolgt, ist der Besteller dazu verpflichtet, die zuerst gelieferte Ware innerhalb von 30 Tagen an Cycle-in-Motion auf Kosten von Cycle-in-Motion zur\u00fcckzusenden. Die R\u00fccksendung der mangelhaften Ware hat nach den gesetzlichen Vorschriften zu erfolgen. Cycle-in-Motion.de beh\u00e4lt sich vor, unter den gesetzlich geregelten Voraussetzungen Schadensersatz geltend zu machen.<\/span><\/p>\n<p><span style=\"font-size: 90%;\">Die Verj\u00e4hrungsfrist betr\u00e4gt vierundzwanzig Monate, gerechnet ab Lieferung.<\/span><\/p>\n<p><span style=\"font-size: 90%;\">Cycle-in-Motion haftet unbeschr\u00e4nkt, soweit die Schadensursache auf Vorsatz oder grober Fahrl\u00e4ssigkeit beruht.<\/span><\/p>\n<p><span style=\"font-size: 90%;\">Ferner haftet Cycle-in-Motion f\u00fcr die leicht fahrl\u00e4ssige Verletzung von wesentlichen Pflichten, deren Verletzung die Erreichung des Vertragszwecks gef\u00e4hrdet, oder f\u00fcr die Verletzung von Pflichten, deren Erf\u00fcllung die ordnungsgem\u00e4\u00dfe Durchf\u00fchrung des Vertrages \u00fcberhaupt erst erm\u00f6glicht und auf deren Einhaltung Sie regelm\u00e4\u00dfig vertrauen. In diesem Fall haftet Cycle-in-Motion jedoch nur f\u00fcr den vorhersehbaren, vertragstypischen Schaden. Cycle-in-Motion haftet nicht f\u00fcr die leicht fahrl\u00e4ssige Verletzung anderer als der in den vorstehenden S\u00e4tzen genannten Pflichten.<\/span><\/p>\n<p><span style=\"font-size: 90%;\">Die vorstehenden Haftungsbeschr\u00e4nkungen gelten nicht bei Verletzung von Leben, K\u00f6rper und Gesundheit, f\u00fcr einen Mangel nach \u00dcbernahme einer Garantie f\u00fcr die Beschaffenheit des Produktes und bei arglistig verschwiegenen M\u00e4ngeln. Die Haftung nach dem Produkthaftungsgesetz bleibt unber\u00fchrt.<\/span><\/p>\n<p><span style=\"font-size: 90%;\">Soweit die Haftung von Cycle-in-Motion ausgeschlossen oder beschr\u00e4nkt ist, gilt dies auch f\u00fcr die pers\u00f6nliche Haftung von Arbeitnehmern, Vertretern und Erf\u00fcllungsgehilfen.<\/span><\/p>\n<p><span style=\"font-size: 90%;\"><strong>11. Datenschutz<\/strong><\/span><br \/><span style=\"font-size: 90%;\">Die von uns erhobenen personenbezogenen Daten werden unter Beachtung der einschl\u00e4gigen datenschutzrechtlichen Bestimmungen, insbesondere des Bundesdatenschutzgesetzes, gespeichert und gesch\u00fctzt.<\/span><\/p>\n<p><span style=\"font-size: 90%;\"><strong>12. Copyright<\/strong><\/span><br \/><span style=\"font-size: 90%;\">Alle dargestellten Logos, Bilder und Grafiken sind Eigentum von Cycle-in-Motion und unterliegen dem Copyright der entsprechenden Lizenzgeber. S\u00e4mtliche auf diesen Seiten dargestellten Fotos, Logos, Texte, Berichte und Softwareprogramme, welche Eigenentwicklungen von uns sind, d\u00fcrfen nicht ohne unser Einverst\u00e4ndnis kopiert oder anderweitig genutzt werden. Alle Rechte vorbehalten.<\/span><\/p>\n<p><span style=\"font-size: 90%;\"><strong>13. Schlussbestimmungen<\/strong><\/span><br \/><span style=\"font-size: 90%;\">Die Unwirksamkeit einzelner Bestimmungen dieser AGB und des zustande gekommenen Kaufvertrages f\u00fchrt nicht zur Unwirksamkeit aller sonstigen Regelungen. Erf\u00fcllungsort und ausschlie\u00dflicher Gerichtsstand f\u00fcr kaufm\u00e4nnische Parteien ist der Sitz von Cycle-in-Motion.<\/span><\/p>\n<p><span style=\"font-size: 90%;\">Vertragspartner ist Cycle-in-Motion, Inh. Johannes Paiska, Dornauer Ring 20, 63834 Sulzbach a. Main, Telefon: +49 (0) 172 9139153, 1level-support@cycle-in-motion.de<\/span><\/p>\n<\/div>\n<\/div>\n\n","protected":false},"excerpt":{"rendered":"<p>Allgemeine Gesch\u00e4ftsbedingungen 1. GeltungsbereichF\u00fcr die Gesch\u00e4ftsbeziehung zwischen Cycle-in-Motion &#8211; Inh. Johannes Paiska &#8211; (nachfolgend Cycle-in-Motion genannt) und dem Besteller gelten ausschlie\u00dflich die nachfolgenden Allgemeinen Gesch\u00e4ftsbedingungen in ihrer zum Zeitpunkt der Bestellung g\u00fcltigen Fassung. Abweichende Bedingungen des Bestellers erkennt Cycle-in-Motion nicht an, es sei denn, Cycle-in-Motion h\u00e4tte ausdr\u00fccklich schriftlich ihrer Geltung zugestimmt. Die Vertragssprache ist Deutsch. [&#8230;]\n","protected":false},"author":1,"featured_media":0,"parent":0,"menu_order":0,"comment_status":"closed","ping_status":"closed","template":"","meta":{"footnotes":""},"_links":{"self":[{"href":"https:\/\/www.cycle-in-motion.de\/index.php?rest_route=\/wp\/v2\/pages\/14"}],"collection":[{"href":"https:\/\/www.cycle-in-motion.de\/index.php?rest_route=\/wp\/v2\/pages"}],"about":[{"href":"https:\/\/www.cycle-in-motion.de\/index.php?rest_route=\/wp\/v2\/types\/page"}],"author":[{"embeddable":true,"href":"https:\/\/www.cycle-in-motion.de\/index.php?rest_route=\/wp\/v2\/users\/1"}],"replies":[{"embeddable":true,"href":"https:\/\/www.cycle-in-motion.de\/index.php?rest_route=%2Fwp%2Fv2%2Fcomments&post=14"}],"version-history":[{"count":7,"href":"https:\/\/www.cycle-in-motion.de\/index.php?rest_route=\/wp\/v2\/pages\/14\/revisions"}],"predecessor-version":[{"id":55289,"href":"https:\/\/www.cycle-in-motion.de\/index.php?rest_route=\/wp\/v2\/pages\/14\/revisions\/55289"}],"wp:attachment":[{"href":"https:\/\/www.cycle-in-motion.de\/index.php?rest_route=%2Fwp%2Fv2%2Fmedia&parent=14"}],"curies":[{"name":"wp","href":"https:\/\/api.w.org\/{rel}","templated":true}]}}