{"id":732,"date":"2019-09-18T11:22:13","date_gmt":"2019-09-18T09:22:13","guid":{"rendered":"http:\/\/h2846401.stratoserver.net\/wordpress\/?post_type=product&#038;p=732"},"modified":"2025-11-02T17:26:35","modified_gmt":"2025-11-02T16:26:35","slug":"vercors-frankreich-126-km-2-524-hm","status":"publish","type":"product","link":"https:\/\/www.cycle-in-motion.de\/?product=vercors-frankreich-126-km-2-524-hm","title":{"rendered":"Vercors &#8211; Frankreich &#8211; 126 km &#8211; 2.524 hm"},"content":{"rendered":"<div dir=\"ltr\">\n<p>Selten haben wir im Vorfeld so viel Zeit in die optimale Streckenauswahl investiert wie bei diesem Real Life Video. Vor Ort wurde dann noch etwas umgeplant, weil uns die ware Wucht der Natur so begeistert hat. Die Bilder und Lichtstimmungen der Strecke optimal einzufangen war uns wichtig. An den ersten beiden Drehtagen gab es jeweils einen Wetterwechsel, der uns zum Abbruch des Drehs zwang. Am dritten Tag herrschte dann Kaiserwetter. Wir sind das Endprodukt mit Begeisterung im Test abgefahren. Das Real Life Video z\u00e4hlt sicherlich zu den abwechslungsreichsten und bildgewaltigsten auf dem RLV-Markt. Wir lassen einfach die Bilder sprechen.<\/p>\n<p>Neben tollen Rollerstrecken mit Panoramasichten werden einige \u00fcbersichtliche Anstiege befahren. Die Gegend ist ein Traum f\u00fcr jeden Radsportler &#8211; ein absoluter Tipp von uns. Der Abstecher dorthin lohnt sich auch im echten Radsportleben zumal in der N\u00e4he, aber nie direkt, die Tour de France vorbeif\u00e4hrt. In knapp einer Autostunde entfernung befindet sich auch der legend\u00e4re &#8222;Alpe d\u00b4Huez&#8220; Anstieg.<\/p>\n<p>Die Tour beginnt leicht oberhalb von Grenoble und f\u00fchrt tief in die Vercors-Region hinein und zeigt die unterschiedlichsten Landschaftsbilder. Es ist \u00fcbrigens eines der gr\u00f6\u00dften Landschaftsschutzgebiete in Frankreich.<\/p>\n<p>Hier der externe Link zur <em><strong><a href=\"https:\/\/umap.openstreetmap.de\/de\/map\/tourenkarte_75901?feature=VERCORS-FINISH#11\/45.0152\/5.4852\" target=\"_blank\" rel=\"noopener\"><span style=\"color: #f99b1c;\">Kartenansicht der Tour <\/span><\/a><\/strong><\/em><span style=\"color: #f99b1c;\">\ud83d\udd17<\/span><\/p>\n<p><span style=\"font-size: 75%;\">Auf dieser Website sind externe Links mit diesem Symbol \ud83d\udd17gekennzeichnet. Bitte beachten Sie unsere<span style=\"color: #f99b1c;\"> <a style=\"color: #f99b1c;\" href=\"https:\/\/www.cycle-in-motion.de\/?page_id=1242\">Datenschutzerkl\u00e4rung<\/a>.<\/span><\/span><\/p>\n<\/div>\n<p style=\"text-align: center;\"><iframe loading=\"lazy\" src=\"https:\/\/www.youtube.com\/embed\/iSfb4RYO1-8\" width=\"560\" height=\"315\" frameborder=\"0\" allowfullscreen=\"allowfullscreen\"><\/iframe><\/p>\n<p style=\"text-align: center;\"><span style=\"font-size: 80%;\">Youtube spielt unsere Filme in einer stark heruntergesetzten Videoqualit\u00e4t ab! <\/span><br \/>\n<span style=\"font-size: 80%;\">Einen Eindruck der original Qualit\u00e4t erhalten Sie \u00fcber unsere Demoseite.<\/span><\/p>\n","protected":false},"excerpt":{"rendered":"<div class=\"short-description\">\n<div class=\"std\">\n<p>Neben tollen Rollerstrecken mit bildgewaltigen Aussichten bietet die Region Vercors in Frankreich vor allem Ruhe und echten Spass am Rennradfahren.<\/p>\n<p><span style=\"color: #282828; background-color: #ff9900;\">FILMTITEL: Vercors<\/span><\/p>\n<p><span style=\"font-size: 100%;\">\u00a0<\/span><\/p>\n<p><span style=\"font-size: 100%;\"><strong>\u00a0<\/strong><\/span><\/p>\n<\/div>\n<\/div>\n","protected":false},"featured_media":750,"template":"","meta":[],"_links":{"self":[{"href":"https:\/\/www.cycle-in-motion.de\/index.php?rest_route=\/wp\/v2\/product\/732"}],"collection":[{"href":"https:\/\/www.cycle-in-motion.de\/index.php?rest_route=\/wp\/v2\/product"}],"about":[{"href":"https:\/\/www.cycle-in-motion.de\/index.php?rest_route=\/wp\/v2\/types\/product"}],"wp:featuredmedia":[{"embeddable":true,"href":"https:\/\/www.cycle-in-motion.de\/index.php?rest_route=\/wp\/v2\/media\/750"}],"wp:attachment":[{"href":"https:\/\/www.cycle-in-motion.de\/index.php?rest_route=%2Fwp%2Fv2%2Fmedia&parent=732"}],"curies":[{"name":"wp","href":"https:\/\/api.w.org\/{rel}","templated":true}]}}

<div dir="ltr">
<p>Selten haben wir im Vorfeld so viel Zeit in die optimale Streckenauswahl investiert wie bei diesem Real Life Video. Vor Ort wurde dann noch etwas umgeplant, weil uns die ware Wucht der Natur so begeistert hat. Die Bilder und Lichtstimmungen der Strecke optimal einzufangen war uns wichtig. An den ersten beiden Drehtagen gab es jeweils einen Wetterwechsel, der uns zum Abbruch des Drehs zwang. Am dritten Tag herrschte dann Kaiserwetter. Wir sind das Endprodukt mit Begeisterung im Test abgefahren. Das Real Life Video zählt sicherlich zu den abwechslungsreichsten und bildgewaltigsten auf dem RLV-Markt. Wir lassen einfach die Bilder sprechen.</p>
<p>Neben tollen Rollerstrecken mit Panoramasichten werden einige übersichtliche Anstiege befahren. Die Gegend ist ein Traum für jeden Radsportler &#8211; ein absoluter Tipp von uns. Der Abstecher dorthin lohnt sich auch im echten Radsportleben zumal in der Nähe, aber nie direkt, die Tour de France vorbeifährt. In knapp einer Autostunde entfernung befindet sich auch der legendäre &#8222;Alpe d´Huez&#8220; Anstieg.</p>
<p>Die Tour beginnt leicht oberhalb von Grenoble und führt tief in die Vercors-Region hinein und zeigt die unterschiedlichsten Landschaftsbilder. Es ist übrigens eines der größten Landschaftsschutzgebiete in Frankreich.</p>
<p>Hier der externe Link zur <em><strong><a href="https://umap.openstreetmap.de/de/map/tourenkarte_75901?feature=VERCORS-FINISH#11/45.0152/5.4852" target="_blank" rel="noopener"><span style="color: #f99b1c;">Kartenansicht der Tour </span></a></strong></em><span style="color: #f99b1c;">🔗</span></p>
<p><span style="font-size: 75%;">Auf dieser Website sind externe Links mit diesem Symbol 🔗gekennzeichnet. Bitte beachten Sie unsere<span style="color: #f99b1c;"> <a style="color: #f99b1c;" href="https://www.cycle-in-motion.de/?page_id=1242">Datenschutzerklärung</a>.</span></span></p>
</div>
<p style="text-align: center;"><iframe loading="lazy" src="https://www.youtube.com/embed/iSfb4RYO1-8" width="560" height="315" frameborder="0" allowfullscreen="allowfullscreen"></iframe></p>
<p style="text-align: center;"><span style="font-size: 80%;">Youtube spielt unsere Filme in einer stark heruntergesetzten Videoqualität ab! </span><br />
<span style="font-size: 80%;">Einen Eindruck der original Qualität erhalten Sie über unsere Demoseite.</span></p>
